{"id":119,"date":"2021-06-02T18:10:53","date_gmt":"2021-06-02T21:10:53","guid":{"rendered":"http:\/\/terlizzisa.com\/?page_id=119"},"modified":"2021-07-08T16:31:53","modified_gmt":"2021-07-08T19:31:53","slug":"bolsas-ecologicas-de-tela-no-tejida","status":"publish","type":"page","link":"https:\/\/terlizzisa.com\/index.php\/bolsas-ecologicas-de-tela-no-tejida\/","title":{"rendered":"Bolsas Ecol\u00f3gicas de tela no tejida."},"content":{"rendered":"\n<div class=\"row\"  id=\"row-1249079836\">\n\n\n\t<div id=\"col-2037725016\" class=\"col small-12 large-12\"  >\n\t\t<div class=\"col-inner\"  >\n\t\t\t\n\t\t\t\n\n<div class=\"row row-collapse align-middle\"  id=\"row-1303476247\">\n\n\n\t<div id=\"col-815519230\" class=\"col medium-7 small-6 large-8\"  >\n\t\t<div class=\"col-inner\"  >\n\t\t\t\n\t\t\t\n\n\n  <div class=\"banner has-hover\" id=\"banner-1171610336\">\n          <div class=\"banner-inner fill\">\n        <div class=\"banner-bg fill\" >\n            <div class=\"bg fill bg-fill \"><\/div>\n                                    \n                    <\/div>\n        <div class=\"banner-layers container\">\n            <a class=\"fill\" href=\"#\"  ><div class=\"fill banner-link\"><\/div><\/a>            \n\n\n        <\/div>\n      <\/div>\n\n            \n<style>\n#banner-1171610336 {\n  padding-top: 300px;\n  background-color: rgb(245, 245, 245);\n}\n#banner-1171610336 .bg.bg-loaded {\n  background-image: url(https:\/\/terlizzisa.com\/wp-content\/uploads\/2021\/06\/05-Bolsas-Tela-no-tejida2-1024x683.jpg);\n}\n@media (min-width:550px) {\n  #banner-1171610336 {\n    padding-top: 400px;\n  }\n}\n<\/style>\n  <\/div>\n\n\n\n\t\t<\/div>\n\t\t\t<\/div>\n\n\t\n\n\t<div id=\"col-1951095488\" class=\"col medium-5 small-6 large-4\"  >\n\t\t<div class=\"col-inner\"  >\n\t\t\t\n\t\t\t\n\n<div class=\"row row-collapse\"  id=\"row-1360162078\">\n\n\n\t<div id=\"col-989818218\" class=\"col large-12\"  >\n\t\t<div class=\"col-inner text-center\" style=\"background-color:rgb(255,255,255);\" >\n\t\t\t\n\t\t\t\n\n<h3>Bolsas Ecol\u00f3gicas de tela no tejida.<\/h3>\n<p>Bolsas de tela no tejida reciclables, reutilizables con diferentes tipos de manija (asa &#8211; ri\u00f1\u00f3n &#8211; cord\u00f3n).<\/p>\n\n\t\t<\/div>\n\t\t\n<style>\n#col-989818218 > .col-inner {\n  margin: 0px 0px 0px -30px;\n}\n<\/style>\n\t<\/div>\n\n\t\n\n\n<style>\n#row-1360162078 > .col > .col-inner {\n  padding: 20px 20px 20px 20px;\n}\n@media (min-width:550px) {\n  #row-1360162078 > .col > .col-inner {\n    padding: 40px 40px 40px 40px;\n  }\n}\n<\/style>\n<\/div>\n\n\t\t<\/div>\n\t\t\t<\/div>\n\n\t\n\n<\/div>\n\n\t\t<\/div>\n\t\t\t<\/div>\n\n\t\n\n\n<style>\n#row-1249079836 > .col > .col-inner {\n  background-color: rgb(245, 245, 245);\n}\n<\/style>\n<\/div>\n\t<section class=\"section\" id=\"section_1602923479\">\n\t\t<div class=\"bg section-bg fill bg-fill  bg-loaded\" >\n\n\t\t\t\n\t\t\t\n\t\t\t\n\n\t\t<\/div>\n\n\t\t<div class=\"section-content relative\">\n\t\t\t\n\n<div class=\"row\"  id=\"row-1832940386\">\n\n\n\t<div id=\"col-1675778306\" class=\"col small-12 large-12\"  >\n\t\t<div class=\"col-inner\"  >\n\t\t\t\n\t\t\t\n\n<div class=\"row row-small row-box-shadow-1 row-box-shadow-4-hover\"  id=\"row-1712869751\">\n\n\n\t<div id=\"col-1083928324\" class=\"col medium-6 small-12 large-4\"  >\n\t\t<div class=\"col-inner\"  >\n\t\t\t\n\t\t\t\n\n\n\t\t<div class=\"icon-box featured-box icon-box-center text-center\"  >\n\t\t\t\t\t<div class=\"icon-box-img\" style=\"width: 185px\">\n\t\t\t\t<div class=\"icon\">\n\t\t\t\t\t<div class=\"icon-inner\" >\n\t\t\t\t\t\t<img width=\"300\" height=\"200\" src=\"https:\/\/terlizzisa.com\/wp-content\/uploads\/2021\/07\/5-friselina-asa-francesa-300x200.png\" class=\"attachment-medium size-medium\" alt=\"\" decoding=\"async\" loading=\"lazy\" srcset=\"https:\/\/terlizzisa.com\/wp-content\/uploads\/2021\/07\/5-friselina-asa-francesa-300x200.png 300w, https:\/\/terlizzisa.com\/wp-content\/uploads\/2021\/07\/5-friselina-asa-francesa-1024x683.png 1024w, https:\/\/terlizzisa.com\/wp-content\/uploads\/2021\/07\/5-friselina-asa-francesa-768x512.png 768w, https:\/\/terlizzisa.com\/wp-content\/uploads\/2021\/07\/5-friselina-asa-francesa-600x400.png 600w, https:\/\/terlizzisa.com\/wp-content\/uploads\/2021\/07\/5-friselina-asa-francesa.png 1200w\" sizes=\"(max-width: 300px) 100vw, 300px\" \/>\t\t\t\t\t<\/div>\n\t\t\t\t<\/div>\n\t\t\t<\/div>\n\t\t\t\t<div class=\"icon-box-text last-reset\">\n\t\t\t\t\t\t\t\t\t\n\n<h3>Friselina Asa Francesa<\/h3>\n\n\t\t<\/div>\n\t<\/div>\n\t\n\t\n\n\t\t<\/div>\n\t\t\t<\/div>\n\n\t\n\n\t<div id=\"col-648949964\" class=\"col medium-6 small-12 large-4\"  >\n\t\t<div class=\"col-inner\"  >\n\t\t\t\n\t\t\t\n\n\n\t\t<div class=\"icon-box featured-box icon-box-center text-center\"  >\n\t\t\t\t\t<div class=\"icon-box-img\" style=\"width: 185px\">\n\t\t\t\t<div class=\"icon\">\n\t\t\t\t\t<div class=\"icon-inner\" >\n\t\t\t\t\t\t<img width=\"300\" height=\"200\" src=\"https:\/\/terlizzisa.com\/wp-content\/uploads\/2021\/07\/5-friselina-cierre-cordon-300x200.png\" class=\"attachment-medium size-medium\" alt=\"\" decoding=\"async\" loading=\"lazy\" srcset=\"https:\/\/terlizzisa.com\/wp-content\/uploads\/2021\/07\/5-friselina-cierre-cordon-300x200.png 300w, https:\/\/terlizzisa.com\/wp-content\/uploads\/2021\/07\/5-friselina-cierre-cordon-1024x683.png 1024w, https:\/\/terlizzisa.com\/wp-content\/uploads\/2021\/07\/5-friselina-cierre-cordon-768x512.png 768w, https:\/\/terlizzisa.com\/wp-content\/uploads\/2021\/07\/5-friselina-cierre-cordon-600x400.png 600w, https:\/\/terlizzisa.com\/wp-content\/uploads\/2021\/07\/5-friselina-cierre-cordon.png 1200w\" sizes=\"(max-width: 300px) 100vw, 300px\" \/>\t\t\t\t\t<\/div>\n\t\t\t\t<\/div>\n\t\t\t<\/div>\n\t\t\t\t<div class=\"icon-box-text last-reset\">\n\t\t\t\t\t\t\t\t\t\n\n<h3>Friselina Cierre Cord\u00f3n<\/h3>\n\n\t\t<\/div>\n\t<\/div>\n\t\n\t\n\n\t\t<\/div>\n\t\t\t<\/div>\n\n\t\n\n\t<div id=\"col-2001757025\" class=\"col medium-6 small-12 large-4\"  >\n\t\t<div class=\"col-inner\"  >\n\t\t\t\n\t\t\t\n\n\n\t\t<div class=\"icon-box featured-box icon-box-center text-center\"  >\n\t\t\t\t\t<div class=\"icon-box-img\" style=\"width: 186px\">\n\t\t\t\t<div class=\"icon\">\n\t\t\t\t\t<div class=\"icon-inner\" >\n\t\t\t\t\t\t<img width=\"300\" height=\"200\" src=\"https:\/\/terlizzisa.com\/wp-content\/uploads\/2021\/07\/5-friselina-fondo-cuadrado-300x200.png\" class=\"attachment-medium size-medium\" alt=\"\" decoding=\"async\" loading=\"lazy\" srcset=\"https:\/\/terlizzisa.com\/wp-content\/uploads\/2021\/07\/5-friselina-fondo-cuadrado-300x200.png 300w, https:\/\/terlizzisa.com\/wp-content\/uploads\/2021\/07\/5-friselina-fondo-cuadrado-1024x683.png 1024w, https:\/\/terlizzisa.com\/wp-content\/uploads\/2021\/07\/5-friselina-fondo-cuadrado-768x512.png 768w, https:\/\/terlizzisa.com\/wp-content\/uploads\/2021\/07\/5-friselina-fondo-cuadrado-600x400.png 600w, https:\/\/terlizzisa.com\/wp-content\/uploads\/2021\/07\/5-friselina-fondo-cuadrado.png 1200w\" sizes=\"(max-width: 300px) 100vw, 300px\" \/>\t\t\t\t\t<\/div>\n\t\t\t\t<\/div>\n\t\t\t<\/div>\n\t\t\t\t<div class=\"icon-box-text last-reset\">\n\t\t\t\t\t\t\t\t\t\n\n<h3>Friselina Fondo Cuadrado<\/h3>\n\n\t\t<\/div>\n\t<\/div>\n\t\n\t\n\n\t\t<\/div>\n\t\t\t<\/div>\n\n\t\n\n\n<style>\n#row-1712869751 > .col > .col-inner {\n  padding: 30px 30px 30px 30px;\n  background-color: rgb(255,255,255);\n}\n<\/style>\n<\/div>\n\n\t\t<\/div>\n\t\t\n<style>\n#col-1675778306 > .col-inner {\n  margin: -100px 0px 0px 0px;\n}\n<\/style>\n\t<\/div>\n\n\t\n\n<\/div>\n\n\t\t<\/div>\n\n\t\t\n<style>\n#section_1602923479 {\n  padding-top: 30px;\n  padding-bottom: 30px;\n  background-color: rgb(245, 247, 251);\n}\n<\/style>\n\t<\/section>\n\t\n\t<section class=\"section\" id=\"section_1364912022\">\n\t\t<div class=\"bg section-bg fill bg-fill  bg-loaded\" >\n\n\t\t\t\n\t\t\t\n\t\t\t\n\n\t\t<\/div>\n\n\t\t<div class=\"section-content relative\">\n\t\t\t\n\n<div class=\"row\"  id=\"row-541651161\">\n\n\n\t<div id=\"col-1986695448\" class=\"col small-12 large-12\"  >\n\t\t<div class=\"col-inner\"  >\n\t\t\t\n\t\t\t\n\n<div class=\"row row-small row-box-shadow-1 row-box-shadow-4-hover\"  id=\"row-985416270\">\n\n\n\t<div id=\"col-2080232436\" class=\"col medium-6 small-12 large-4\"  >\n\t\t<div class=\"col-inner\"  >\n\t\t\t\n\t\t\t\n\n\n\t\t<div class=\"icon-box featured-box icon-box-center text-center\"  >\n\t\t\t\t\t<div class=\"icon-box-img\" style=\"width: 185px\">\n\t\t\t\t<div class=\"icon\">\n\t\t\t\t\t<div class=\"icon-inner\" >\n\t\t\t\t\t\t<img width=\"300\" height=\"200\" src=\"https:\/\/terlizzisa.com\/wp-content\/uploads\/2021\/07\/5-friselina-fuelle-superior-e-inferior-300x200.png\" class=\"attachment-medium size-medium\" alt=\"\" decoding=\"async\" loading=\"lazy\" srcset=\"https:\/\/terlizzisa.com\/wp-content\/uploads\/2021\/07\/5-friselina-fuelle-superior-e-inferior-300x200.png 300w, https:\/\/terlizzisa.com\/wp-content\/uploads\/2021\/07\/5-friselina-fuelle-superior-e-inferior-1024x683.png 1024w, https:\/\/terlizzisa.com\/wp-content\/uploads\/2021\/07\/5-friselina-fuelle-superior-e-inferior-768x512.png 768w, https:\/\/terlizzisa.com\/wp-content\/uploads\/2021\/07\/5-friselina-fuelle-superior-e-inferior-600x400.png 600w, https:\/\/terlizzisa.com\/wp-content\/uploads\/2021\/07\/5-friselina-fuelle-superior-e-inferior.png 1200w\" sizes=\"(max-width: 300px) 100vw, 300px\" \/>\t\t\t\t\t<\/div>\n\t\t\t\t<\/div>\n\t\t\t<\/div>\n\t\t\t\t<div class=\"icon-box-text last-reset\">\n\t\t\t\t\t\t\t\t\t\n\n<h3>Friselina Fuelle <br \/>Superior e Inferior<\/h3>\n\n\t\t<\/div>\n\t<\/div>\n\t\n\t\n\n\t\t<\/div>\n\t\t\t<\/div>\n\n\t\n\n\t<div id=\"col-58149272\" class=\"col medium-6 small-12 large-4\"  >\n\t\t<div class=\"col-inner\"  >\n\t\t\t\n\t\t\t\n\n\n\t\t<div class=\"icon-box featured-box icon-box-center text-center\"  >\n\t\t\t\t\t<div class=\"icon-box-img\" style=\"width: 186px\">\n\t\t\t\t<div class=\"icon\">\n\t\t\t\t\t<div class=\"icon-inner\" >\n\t\t\t\t\t\t<img width=\"300\" height=\"200\" src=\"https:\/\/terlizzisa.com\/wp-content\/uploads\/2021\/07\/5-friselina-troquel-redondo-300x200.png\" class=\"attachment-medium size-medium\" alt=\"\" decoding=\"async\" loading=\"lazy\" srcset=\"https:\/\/terlizzisa.com\/wp-content\/uploads\/2021\/07\/5-friselina-troquel-redondo-300x200.png 300w, https:\/\/terlizzisa.com\/wp-content\/uploads\/2021\/07\/5-friselina-troquel-redondo-1024x683.png 1024w, https:\/\/terlizzisa.com\/wp-content\/uploads\/2021\/07\/5-friselina-troquel-redondo-768x512.png 768w, https:\/\/terlizzisa.com\/wp-content\/uploads\/2021\/07\/5-friselina-troquel-redondo-600x400.png 600w, https:\/\/terlizzisa.com\/wp-content\/uploads\/2021\/07\/5-friselina-troquel-redondo.png 1200w\" sizes=\"(max-width: 300px) 100vw, 300px\" \/>\t\t\t\t\t<\/div>\n\t\t\t\t<\/div>\n\t\t\t<\/div>\n\t\t\t\t<div class=\"icon-box-text last-reset\">\n\t\t\t\t\t\t\t\t\t\n\n<h3>Friselina Troquel <br \/>Redondo<\/h3>\n\n\t\t<\/div>\n\t<\/div>\n\t\n\t\n\n\t\t<\/div>\n\t\t\t<\/div>\n\n\t\n\n\t<div id=\"col-324366241\" class=\"col medium-6 small-12 large-4\"  >\n\t\t<div class=\"col-inner\"  >\n\t\t\t\n\t\t\t\n\n\n\t\t<div class=\"icon-box featured-box icon-box-center text-center\"  >\n\t\t\t\t\t<div class=\"icon-box-img\" style=\"width: 185px\">\n\t\t\t\t<div class=\"icon\">\n\t\t\t\t\t<div class=\"icon-inner\" >\n\t\t\t\t\t\t<img width=\"300\" height=\"200\" src=\"https:\/\/terlizzisa.com\/wp-content\/uploads\/2021\/07\/5-friselina-troquel-rin\u0303on-300x200.png\" class=\"attachment-medium size-medium\" alt=\"\" decoding=\"async\" loading=\"lazy\" srcset=\"https:\/\/terlizzisa.com\/wp-content\/uploads\/2021\/07\/5-friselina-troquel-rin\u0303on-300x200.png 300w, https:\/\/terlizzisa.com\/wp-content\/uploads\/2021\/07\/5-friselina-troquel-rin\u0303on-1024x683.png 1024w, https:\/\/terlizzisa.com\/wp-content\/uploads\/2021\/07\/5-friselina-troquel-rin\u0303on-768x512.png 768w, https:\/\/terlizzisa.com\/wp-content\/uploads\/2021\/07\/5-friselina-troquel-rin\u0303on-600x400.png 600w, https:\/\/terlizzisa.com\/wp-content\/uploads\/2021\/07\/5-friselina-troquel-rin\u0303on.png 1200w\" sizes=\"(max-width: 300px) 100vw, 300px\" \/>\t\t\t\t\t<\/div>\n\t\t\t\t<\/div>\n\t\t\t<\/div>\n\t\t\t\t<div class=\"icon-box-text last-reset\">\n\t\t\t\t\t\t\t\t\t\n\n<h3>Friselina Troquel <br \/>Ri\u00f1\u00f3n<\/h3>\n\n\t\t<\/div>\n\t<\/div>\n\t\n\t\n\n\t\t<\/div>\n\t\t\t<\/div>\n\n\t\n\n\n<style>\n#row-985416270 > .col > .col-inner {\n  padding: 30px 30px 30px 30px;\n  background-color: rgb(255,255,255);\n}\n<\/style>\n<\/div>\n\n\t\t<\/div>\n\t\t\n<style>\n#col-1986695448 > .col-inner {\n  margin: -100px 0px 0px 0px;\n}\n<\/style>\n\t<\/div>\n\n\t\n\n<\/div>\n\n\t\t<\/div>\n\n\t\t\n<style>\n#section_1364912022 {\n  padding-top: 30px;\n  padding-bottom: 30px;\n  background-color: rgb(245, 247, 251);\n}\n<\/style>\n\t<\/section>\n\t\n<div class=\"row\"  id=\"row-1709987078\">\n\n\n\t<div id=\"col-2038122077\" class=\"col small-12 large-12\"  >\n\t\t<div class=\"col-inner\"  >\n\t\t\t\n\t\t\t\n\n\t<div id=\"text-3800571188\" class=\"text\">\n\t\t\n\n<h2 class=\"uppercase\">Para mas informaci\u00f3n envianos una consulta y nos pondremos en contacto:<\/h2>\n\t\t\n<style>\n#text-3800571188 {\n  text-align: center;\n}\n<\/style>\n\t<\/div>\n\t\n<div class=\"text-center\"><div class=\"is-divider divider clearfix\" style=\"margin-top:1.8em;margin-bottom:1.8em;max-width:342px;height:2px;background-color:rgb(209, 136, 29);\"><\/div><\/div>\n\n\n<div class=\"wpcf7 no-js\" id=\"wpcf7-f161-o1\" lang=\"es-AR\" dir=\"ltr\">\n<div class=\"screen-reader-response\"><p role=\"status\" aria-live=\"polite\" aria-atomic=\"true\"><\/p> <ul><\/ul><\/div>\n<form action=\"\/index.php\/wp-json\/wp\/v2\/pages\/119#wpcf7-f161-o1\" method=\"post\" class=\"wpcf7-form init\" aria-label=\"Formulario de contacto\" novalidate=\"novalidate\" data-status=\"init\">\n<div style=\"display: none;\">\n<input type=\"hidden\" name=\"_wpcf7\" value=\"161\" \/>\n<input type=\"hidden\" name=\"_wpcf7_version\" value=\"5.7.4\" \/>\n<input type=\"hidden\" name=\"_wpcf7_locale\" value=\"es_AR\" \/>\n<input type=\"hidden\" name=\"_wpcf7_unit_tag\" value=\"wpcf7-f161-o1\" \/>\n<input type=\"hidden\" name=\"_wpcf7_container_post\" value=\"0\" \/>\n<input type=\"hidden\" name=\"_wpcf7_posted_data_hash\" value=\"\" \/>\n<input type=\"hidden\" name=\"_wpcf7_recaptcha_response\" value=\"\" \/>\n<\/div>\n<div class=\"form-flat\">\n\t<p><span class=\"wpcf7-form-control-wrap\" data-name=\"your-name\"><input size=\"40\" class=\"wpcf7-form-control wpcf7-text wpcf7-validates-as-required\" aria-required=\"true\" aria-invalid=\"false\" placeholder=\"Nombre\" value=\"\" type=\"text\" name=\"your-name\" \/><\/span>\n\t<\/p>\n\t<p><span class=\"wpcf7-form-control-wrap\" data-name=\"your-tel\"><input size=\"40\" class=\"wpcf7-form-control wpcf7-text wpcf7-tel wpcf7-validates-as-required wpcf7-validates-as-tel\" aria-required=\"true\" aria-invalid=\"false\" placeholder=\"Tel\u00e9fono\" value=\"\" type=\"tel\" name=\"your-tel\" \/><\/span>\n\t<\/p>\n\t<p><span class=\"wpcf7-form-control-wrap\" data-name=\"your-email\"><input size=\"40\" class=\"wpcf7-form-control wpcf7-text wpcf7-email wpcf7-validates-as-required wpcf7-validates-as-email\" aria-required=\"true\" aria-invalid=\"false\" placeholder=\"Email\" value=\"\" type=\"email\" name=\"your-email\" \/><\/span>\n\t<\/p>\n\t<p><span class=\"wpcf7-form-control-wrap\" data-name=\"prov\"><input size=\"40\" class=\"wpcf7-form-control wpcf7-text wpcf7-validates-as-required\" aria-required=\"true\" aria-invalid=\"false\" placeholder=\"Provincia\" value=\"\" type=\"text\" name=\"prov\" \/><\/span>\n\t<\/p>\n\t<p><span class=\"wpcf7-form-control-wrap\" data-name=\"loc\"><input size=\"40\" class=\"wpcf7-form-control wpcf7-text wpcf7-validates-as-required\" aria-required=\"true\" aria-invalid=\"false\" placeholder=\"Localidad\" value=\"\" type=\"text\" name=\"loc\" \/><\/span>\n\t<\/p>\n\t<p><span class=\"wpcf7-form-control-wrap\" data-name=\"your-message\"><textarea cols=\"40\" rows=\"10\" class=\"wpcf7-form-control wpcf7-textarea\" aria-invalid=\"false\" placeholder=\"Tu mensaje (opcional)\" name=\"your-message\"><\/textarea><\/span>\n\t<\/p>\n\t<p><input class=\"wpcf7-form-control has-spinner wpcf7-submit button\" type=\"submit\" value=\"Enviar\" \/>\n\t<\/p>\n<\/div><div class=\"wpcf7-response-output\" aria-hidden=\"true\"><\/div>\n<\/form>\n<\/div>\n\n\n\n\t\t<\/div>\n\t\t\t<\/div>\n\n\t\n\n<\/div>\n\n","protected":false},"excerpt":{"rendered":"","protected":false},"author":1,"featured_media":0,"parent":0,"menu_order":0,"comment_status":"closed","ping_status":"closed","template":"page-blank.php","meta":[],"_links":{"self":[{"href":"https:\/\/terlizzisa.com\/index.php\/wp-json\/wp\/v2\/pages\/119"}],"collection":[{"href":"https:\/\/terlizzisa.com\/index.php\/wp-json\/wp\/v2\/pages"}],"about":[{"href":"https:\/\/terlizzisa.com\/index.php\/wp-json\/wp\/v2\/types\/page"}],"author":[{"embeddable":true,"href":"https:\/\/terlizzisa.com\/index.php\/wp-json\/wp\/v2\/users\/1"}],"replies":[{"embeddable":true,"href":"https:\/\/terlizzisa.com\/index.php\/wp-json\/wp\/v2\/comments?post=119"}],"version-history":[{"count":8,"href":"https:\/\/terlizzisa.com\/index.php\/wp-json\/wp\/v2\/pages\/119\/revisions"}],"predecessor-version":[{"id":2566,"href":"https:\/\/terlizzisa.com\/index.php\/wp-json\/wp\/v2\/pages\/119\/revisions\/2566"}],"wp:attachment":[{"href":"https:\/\/terlizzisa.com\/index.php\/wp-json\/wp\/v2\/media?parent=119"}],"curies":[{"name":"wp","href":"https:\/\/api.w.org\/{rel}","templated":true}]}}