{"id":18,"date":"2021-06-23T10:59:47","date_gmt":"2021-06-23T13:59:47","guid":{"rendered":"https:\/\/terlizzisa.com\/corseteria\/?page_id=18"},"modified":"2021-07-29T16:30:43","modified_gmt":"2021-07-29T19:30:43","slug":"inicio","status":"publish","type":"page","link":"https:\/\/terlizzisa.com\/corseteria\/","title":{"rendered":"inicio"},"content":{"rendered":"<div class=\"slider-wrapper relative\" id=\"slider-2044244457\" >\n    <div class=\"slider slider-nav-circle slider-nav-large slider-nav-light slider-style-normal\"\n        data-flickity-options='{\n            \"cellAlign\": \"center\",\n            \"imagesLoaded\": true,\n            \"lazyLoad\": 1,\n            \"freeScroll\": false,\n            \"wrapAround\": true,\n            \"autoPlay\": 6000,\n            \"pauseAutoPlayOnHover\" : true,\n            \"prevNextButtons\": false,\n            \"contain\" : true,\n            \"adaptiveHeight\" : true,\n            \"dragThreshold\" : 10,\n            \"percentPosition\": true,\n            \"pageDots\": false,\n            \"rightToLeft\": false,\n            \"draggable\": false,\n            \"selectedAttraction\": 0.1,\n            \"parallax\" : 0,\n            \"friction\": 0.6        }'\n        >\n        \n\n  <div class=\"banner has-hover\" id=\"banner-195842508\">\n          <div class=\"banner-inner fill\">\n        <div class=\"banner-bg fill\" >\n            <div class=\"bg fill bg-fill \"><\/div>\n                        <div class=\"overlay\"><\/div>            \n                    <\/div>\n        <div class=\"banner-layers container\">\n            <div class=\"fill banner-link\"><\/div>            \n   <div id=\"text-box-251469802\" class=\"text-box banner-layer x50 md-x50 lg-x50 y50 md-y50 lg-y50 res-text\">\n                     <div data-animate=\"flipInY\">           <div class=\"text-box-content text dark\">\n              \n              <div class=\"text-inner text-center\">\n                  \n<h1 class=\"h-large uppercase\"><span style=\"font-size: 160%;\"><strong>Bienvenidos<\/strong><\/span><\/h1>\n\t<div class=\"img has-hover x md-x lg-x y md-y lg-y\" id=\"image_2055661963\">\n\t\t\t\t\t\t\t\t<div class=\"img-inner dark\" >\n\t\t\t<img width=\"716\" height=\"365\" src=\"https:\/\/terlizzisa.com\/corseteria\/wp-content\/uploads\/2021\/06\/terlizziblanco-corseteria.png\" class=\"attachment-large size-large\" alt=\"\" decoding=\"async\" loading=\"lazy\" srcset=\"https:\/\/terlizzisa.com\/corseteria\/wp-content\/uploads\/2021\/06\/terlizziblanco-corseteria.png 716w, https:\/\/terlizzisa.com\/corseteria\/wp-content\/uploads\/2021\/06\/terlizziblanco-corseteria-600x306.png 600w\" sizes=\"(max-width: 716px) 100vw, 716px\" \/>\t\t\t\t\t\t\n\t\t\t\t\t<\/div>\n\t\t\t\t\t\t\t\t\n<style>\n#image_2055661963 {\n  width: 60%;\n}\n<\/style>\n\t<\/div>\n\t\n<div class=\"is-divider divider clearfix\" ><\/div>\n              <\/div>\n           <\/div>\n       <\/div>                     \n<style>\n#text-box-251469802 {\n  width: 100%;\n}\n#text-box-251469802 .text-box-content {\n  font-size: 100%;\n}\n@media (min-width:550px) {\n  #text-box-251469802 {\n    width: 62%;\n  }\n}\n<\/style>\n    <\/div>\n \n        <\/div>\n      <\/div>\n\n            \n<style>\n#banner-195842508 {\n  padding-top: 600px;\n}\n#banner-195842508 .bg.bg-loaded {\n  background-image: url(https:\/\/terlizzisa.com\/corseteria\/wp-content\/uploads\/2021\/06\/intro_corseteria-1199x800.jpg);\n}\n#banner-195842508 .overlay {\n  background-color: rgba(0,0,0,.5);\n}\n#banner-195842508 .bg {\n  background-position: 58% 63%;\n}\n<\/style>\n  <\/div>\n\n\n     <\/div>\n\n     <div class=\"loading-spin dark large centered\"><\/div>\n\n     \t<\/div>\n\n\n\t<section class=\"section info-card-1\" id=\"section_1512202355\">\n\t\t<div class=\"bg section-bg fill bg-fill  bg-loaded\" >\n\n\t\t\t\n\t\t\t\n\t\t\t\n\n\t\t<\/div>\n\n\t\t<div class=\"section-content relative\">\n\t\t\t\n<div class=\"row\"  id=\"row-1669327831\">\n\n\t<div id=\"col-213062522\" class=\"col small-12 large-12\"  >\n\t\t<div class=\"col-inner text-center\"  >\n\t\t\t\n\t\t\t\n<h2>Te presentamos nuestras l\u00edneas de productos:<\/h2>\n\t\t<\/div>\n\t\t\n<style>\n#col-213062522 > .col-inner {\n  padding: 20px 0px 0px 0px;\n}\n<\/style>\n\t<\/div>\n\n\t\n<\/div>\n<div class=\"row row-small align-equal\"  id=\"row-1217085664\">\n\n\t<div id=\"col-231241558\" class=\"col medium-6 small-12 large-6\"  >\n\t\t<div class=\"col-inner\"  >\n\t\t\t\n\t\t\t\n\t<div class=\"box has-hover   has-hover box-push box-text-bottom\" >\n\n\t\t<div class=\"box-image\" >\n\t\t\t<a href=\"https:\/\/terlizzisa.com\/corseteria\/cinta-de-gancho-corsetero\/\"  >\t\t\t<div class=\"image-zoom\" >\n\t\t\t\t<img width=\"1200\" height=\"800\" src=\"https:\/\/terlizzisa.com\/corseteria\/wp-content\/uploads\/2021\/06\/01-Cinta-de-gancho-corsetero1.jpg\" class=\"attachment- size-\" alt=\"\" decoding=\"async\" loading=\"lazy\" srcset=\"https:\/\/terlizzisa.com\/corseteria\/wp-content\/uploads\/2021\/06\/01-Cinta-de-gancho-corsetero1.jpg 1200w, https:\/\/terlizzisa.com\/corseteria\/wp-content\/uploads\/2021\/06\/01-Cinta-de-gancho-corsetero1-600x400.jpg 600w, https:\/\/terlizzisa.com\/corseteria\/wp-content\/uploads\/2021\/06\/01-Cinta-de-gancho-corsetero1-768x512.jpg 768w\" sizes=\"(max-width: 1200px) 100vw, 1200px\" \/>\t\t\t\t\t\t\t\t\t\t\t<\/div>\n\t\t\t<\/a>\t\t<\/div>\n\n\t\t<div class=\"box-text text-center\" style=\"background-color:rgb(255, 255, 255);padding:20px 5% 20px 5%;\">\n\t\t\t<div class=\"box-text-inner\">\n\t\t\t\t\n\t<div id=\"text-1535521373\" class=\"text\">\n\t\t\n<p class=\"uppercase\"><strong>Cinta de Gancho corsetero<\/strong><\/p>\n\t\t\n<style>\n#text-1535521373 {\n  font-size: 1rem;\n  line-height: 1;\n}\n<\/style>\n\t<\/div>\n\t\n<div class=\"is-divider divider clearfix\" style=\"margin-top:0.4em;margin-bottom:0.4em;max-width:200px;height:1px;\"><\/div>\n<p>Fabricamos cinta de gancho corsetero apto para te\u00f1ido.<br \/>\nContamos con una amplia l\u00ednea de ganchos standard y tambi\u00e9n desarrollamos art\u00edculos especiales en base a la necesidad del cliente de una a cuatro posiciones, en tira o por unidad.<br \/>\nDe l\u00ednea se ofrecen en color blanco, hueso, negro, natural y apto te\u00f1ido.<br \/>\nInsumos de primera calidad.<br \/>\nCons\u00faltenos por cualquier medida.<\/p>\n<a href=\"https:\/\/terlizzisa.com\/corseteria\/cinta-de-gancho-corsetero\/\" target=\"_self\" class=\"button primary is-underline\"  >\n    <span>M\u00e1s info<\/span>\n  <\/a>\n\n\t\t\t<\/div>\n\t\t<\/div>\n\t<\/div>\n\t\n\t\t<\/div>\n\t\t\t<\/div>\n\n\t\n\n\t<div id=\"col-1752013231\" class=\"col medium-6 small-12 large-6\"  >\n\t\t<div class=\"col-inner\"  >\n\t\t\t\n\t\t\t\n\t<div class=\"box has-hover   has-hover box-push box-text-bottom\" >\n\n\t\t<div class=\"box-image\" >\n\t\t\t<a href=\"https:\/\/terlizzisa.com\/corseteria\/argollas-y-correderas-plasticas\/\"  >\t\t\t<div class=\"image-zoom\" >\n\t\t\t\t<img width=\"1200\" height=\"800\" src=\"https:\/\/terlizzisa.com\/corseteria\/wp-content\/uploads\/2021\/06\/02-Argollas-y-correderas-pla\u0301sticas1.jpg\" class=\"attachment- size-\" alt=\"\" decoding=\"async\" loading=\"lazy\" srcset=\"https:\/\/terlizzisa.com\/corseteria\/wp-content\/uploads\/2021\/06\/02-Argollas-y-correderas-pla\u0301sticas1.jpg 1200w, https:\/\/terlizzisa.com\/corseteria\/wp-content\/uploads\/2021\/06\/02-Argollas-y-correderas-pla\u0301sticas1-600x400.jpg 600w, https:\/\/terlizzisa.com\/corseteria\/wp-content\/uploads\/2021\/06\/02-Argollas-y-correderas-pla\u0301sticas1-768x512.jpg 768w\" sizes=\"(max-width: 1200px) 100vw, 1200px\" \/>\t\t\t\t\t\t\t\t\t\t\t<\/div>\n\t\t\t<\/a>\t\t<\/div>\n\n\t\t<div class=\"box-text text-center\" style=\"background-color:rgb(255, 255, 255);padding:20px 5% 20px 5%;\">\n\t\t\t<div class=\"box-text-inner\">\n\t\t\t\t\n\t<div id=\"text-2013976229\" class=\"text\">\n\t\t\n<p class=\"uppercase\"><strong>Argollas y correderas Pl\u00e1sticas<\/strong><\/p>\n\t\t\n<style>\n#text-2013976229 {\n  font-size: 1rem;\n  line-height: 1.25;\n}\n<\/style>\n\t<\/div>\n\t\n<div class=\"is-divider divider clearfix\" style=\"margin-top:0.4em;margin-bottom:0.4em;max-width:200px;height:1px;\"><\/div>\n<p>Amplia l\u00ednea de argollas y correderas para breteles de<br \/> 6 a 25 mm para lograr el mejor ajuste.<br \/>\nDe l\u00ednea se ofrecen en color blanco, hueso, negro, natural y transparente, son aptas para te\u00f1ido y desarrollamos colores especiales bajo pedido.<br \/>\nProductos fabricados con materias primas de primera calidad. <\/p>\n<a href=\"https:\/\/terlizzisa.com\/corseteria\/argollas-y-correderas-plasticas\/\" target=\"_self\" class=\"button primary is-underline\"  >\n    <span>M\u00e1s info<\/span>\n  <\/a>\n\n\t\t\t<\/div>\n\t\t<\/div>\n\t<\/div>\n\t\n\t\t<\/div>\n\t\t\t<\/div>\n\n\t\n\n<style>\n#row-1217085664 > .col > .col-inner {\n  background-color: rgb(255,255,255);\n}\n<\/style>\n<\/div>\n\t\t<\/div>\n\n\t\t\n<style>\n#section_1512202355 {\n  padding-top: 50px;\n  padding-bottom: 50px;\n  background-color: rgb(244, 244, 244);\n}\n<\/style>\n\t<\/section>\n\t\n\t<section class=\"section info-card-1\" id=\"section_1950996757\">\n\t\t<div class=\"bg section-bg fill bg-fill  bg-loaded\" >\n\n\t\t\t\n\t\t\t\n\t\t\t\n\n\t\t<\/div>\n\n\t\t<div class=\"section-content relative\">\n\t\t\t\n<div class=\"row row-small align-equal\"  id=\"row-95060029\">\n\n\t<div id=\"col-1689170860\" class=\"col medium-6 small-12 large-6\"  >\n\t\t<div class=\"col-inner\"  >\n\t\t\t\n\t\t\t\n\t<div class=\"box has-hover   has-hover box-push box-text-bottom\" >\n\n\t\t<div class=\"box-image\" >\n\t\t\t<a href=\"https:\/\/terlizzisa.com\/corseteria\/broches-plasticos\/\"  >\t\t\t<div class=\"image-zoom\" >\n\t\t\t\t<img width=\"1200\" height=\"800\" src=\"https:\/\/terlizzisa.com\/corseteria\/wp-content\/uploads\/2021\/06\/03-Broches-pla\u0301sticos1.jpg\" class=\"attachment- size-\" alt=\"\" decoding=\"async\" loading=\"lazy\" srcset=\"https:\/\/terlizzisa.com\/corseteria\/wp-content\/uploads\/2021\/06\/03-Broches-pla\u0301sticos1.jpg 1200w, https:\/\/terlizzisa.com\/corseteria\/wp-content\/uploads\/2021\/06\/03-Broches-pla\u0301sticos1-600x400.jpg 600w, https:\/\/terlizzisa.com\/corseteria\/wp-content\/uploads\/2021\/06\/03-Broches-pla\u0301sticos1-768x512.jpg 768w\" sizes=\"(max-width: 1200px) 100vw, 1200px\" \/>\t\t\t\t\t\t\t\t\t\t\t<\/div>\n\t\t\t<\/a>\t\t<\/div>\n\n\t\t<div class=\"box-text text-center\" style=\"background-color:rgb(255, 255, 255);padding:20px 5% 20px 5%;\">\n\t\t\t<div class=\"box-text-inner\">\n\t\t\t\t\n\t<div id=\"text-3581895151\" class=\"text\">\n\t\t\n<p class=\"uppercase\"><strong>Broches pl\u00e1sticos<\/strong><\/p>\n\t\t\n<style>\n#text-3581895151 {\n  font-size: 1rem;\n  line-height: 1;\n}\n<\/style>\n\t<\/div>\n\t\n<div class=\"is-divider divider clearfix\" style=\"margin-top:0.4em;margin-bottom:0.4em;max-width:200px;height:1px;\"><\/div>\n<p>Poseemos una amplia variedad de broches pl\u00e1sticos.<br \/>\nConvencionales, desmontables y para amamantar.<br \/>\nDe l\u00ednea se ofrecen en color blanco, hueso, negro, natural y transparente, son aptos para te\u00f1ido y desarrollamos colores especiales bajo pedido.<br \/>\nProductos fabricados con materias primas de primera calidad.<\/p>\n<a href=\"https:\/\/terlizzisa.com\/corseteria\/broches-plasticos\/\" target=\"_self\" class=\"button primary is-underline\"  >\n    <span>M\u00e1s info<\/span>\n  <\/a>\n\n\t\t\t<\/div>\n\t\t<\/div>\n\t<\/div>\n\t\n\t\t<\/div>\n\t\t\t<\/div>\n\n\t\n\n\t<div id=\"col-1593065754\" class=\"col medium-6 small-12 large-6\"  >\n\t\t<div class=\"col-inner\"  >\n\t\t\t\n\t\t\t\n\t<div class=\"box has-hover   has-hover box-push box-text-bottom\" >\n\n\t\t<div class=\"box-image\" >\n\t\t\t<a href=\"https:\/\/terlizzisa.com\/corseteria\/arcos-metalicos\/\"  >\t\t\t<div class=\"image-zoom\" >\n\t\t\t\t<img width=\"1200\" height=\"800\" src=\"https:\/\/terlizzisa.com\/corseteria\/wp-content\/uploads\/2021\/06\/06-Arcos1.jpg\" class=\"attachment- size-\" alt=\"\" decoding=\"async\" loading=\"lazy\" srcset=\"https:\/\/terlizzisa.com\/corseteria\/wp-content\/uploads\/2021\/06\/06-Arcos1.jpg 1200w, https:\/\/terlizzisa.com\/corseteria\/wp-content\/uploads\/2021\/06\/06-Arcos1-600x400.jpg 600w, https:\/\/terlizzisa.com\/corseteria\/wp-content\/uploads\/2021\/06\/06-Arcos1-768x512.jpg 768w\" sizes=\"(max-width: 1200px) 100vw, 1200px\" \/>\t\t\t\t\t\t\t\t\t\t\t<\/div>\n\t\t\t<\/a>\t\t<\/div>\n\n\t\t<div class=\"box-text text-center\" style=\"background-color:rgb(255, 255, 255);padding:20px 5% 20px 5%;\">\n\t\t\t<div class=\"box-text-inner\">\n\t\t\t\t\n\t<div id=\"text-1811804948\" class=\"text\">\n\t\t\n<p class=\"uppercase\"><strong>Arcos Met\u00e1licos<\/strong><\/p>\n\t\t\n<style>\n#text-1811804948 {\n  font-size: 1rem;\n  line-height: 1.25;\n}\n<\/style>\n\t<\/div>\n\t\n<div class=\"is-divider divider clearfix\" style=\"margin-top:0.4em;margin-bottom:0.4em;max-width:200px;height:1px;\"><\/div>\n<p>Nuestra l\u00ednea de arcos cuenta con los modelos de copa entera, media copa y push up de l\u00ednea. Tambi\u00e9n desarrollamos arcos a medida del cliente.<br \/>\nFabricados con acero con alto contenido de carbono con cincado electrol\u00edtico para protegerlo del \u00f3xido pudi\u00e9ndose utilizar para trajes de ba\u00f1o. Tambi\u00e9n ofrecemos fleje pintado en poliamida blanca para su mejor protecci\u00f3n.<br \/>\nPuntas encapsuladas en resina pl\u00e1stica para proteger la prenda y codificaci\u00f3n de color para la identificaci\u00f3n del talle.<br \/>\nA su vez, ofrecemos un modelo de arcos pl\u00e1sticos. <\/p>\n<a href=\"https:\/\/terlizzisa.com\/corseteria\/arcos-metalicos\/\" target=\"_self\" class=\"button primary is-underline\"  >\n    <span>M\u00e1s info<\/span>\n  <\/a>\n\n\t\t\t<\/div>\n\t\t<\/div>\n\t<\/div>\n\t\n\t\t<\/div>\n\t\t\t<\/div>\n\n\t\n\n<style>\n#row-95060029 > .col > .col-inner {\n  background-color: rgb(255,255,255);\n}\n<\/style>\n<\/div>\n\t\t<\/div>\n\n\t\t\n<style>\n#section_1950996757 {\n  padding-top: 50px;\n  padding-bottom: 50px;\n  background-color: rgb(244, 244, 244);\n}\n<\/style>\n\t<\/section>\n\t\n\t<section class=\"section info-card-1\" id=\"section_1734819755\">\n\t\t<div class=\"bg section-bg fill bg-fill  bg-loaded\" >\n\n\t\t\t\n\t\t\t\n\t\t\t\n\n\t\t<\/div>\n\n\t\t<div class=\"section-content relative\">\n\t\t\t\n<div class=\"row row-small align-equal\"  id=\"row-1464632965\">\n\n\t<div id=\"col-2144259611\" class=\"col medium-6 small-12 large-6\"  >\n\t\t<div class=\"col-inner\"  >\n\t\t\t\n\t\t\t\n\t<div class=\"box has-hover   has-hover box-push box-text-bottom\" >\n\n\t\t<div class=\"box-image\" >\n\t\t\t<a href=\"https:\/\/terlizzisa.com\/corseteria\/ballenas-plasticas-y-metalicas\/\"  >\t\t\t<div class=\"image-zoom\" >\n\t\t\t\t<img width=\"1200\" height=\"800\" src=\"https:\/\/terlizzisa.com\/corseteria\/wp-content\/uploads\/2021\/06\/07-Ballenas1.jpg\" class=\"attachment- size-\" alt=\"\" decoding=\"async\" loading=\"lazy\" srcset=\"https:\/\/terlizzisa.com\/corseteria\/wp-content\/uploads\/2021\/06\/07-Ballenas1.jpg 1200w, https:\/\/terlizzisa.com\/corseteria\/wp-content\/uploads\/2021\/06\/07-Ballenas1-600x400.jpg 600w, https:\/\/terlizzisa.com\/corseteria\/wp-content\/uploads\/2021\/06\/07-Ballenas1-768x512.jpg 768w\" sizes=\"(max-width: 1200px) 100vw, 1200px\" \/>\t\t\t\t\t\t\t\t\t\t\t<\/div>\n\t\t\t<\/a>\t\t<\/div>\n\n\t\t<div class=\"box-text text-center\" style=\"background-color:rgb(255, 255, 255);padding:20px 5% 20px 5%;\">\n\t\t\t<div class=\"box-text-inner\">\n\t\t\t\t\n\t<div id=\"text-3173578319\" class=\"text\">\n\t\t\n<p class=\"uppercase\"><strong>Ballenas pl\u00e1sticas y met\u00e1licas<\/strong><\/p>\n\t\t\n<style>\n#text-3173578319 {\n  font-size: 1rem;\n  line-height: 1;\n}\n<\/style>\n\t<\/div>\n\t\n<div class=\"is-divider divider clearfix\" style=\"margin-top:0.4em;margin-bottom:0.4em;max-width:200px;height:1px;\"><\/div>\n<p>Ballenas pl\u00e1sticas y met\u00e1licas cortadas a la medida solicitada por el cliente.<br \/>\nFleje de acero con alto contenido de carbono con cincado electrol\u00edtico para protegerlo del \u00f3xido y recubierto en poliamida blanca.<br \/>\nPuntas encapsuladas en resina pl\u00e1stica para proteger la prenda.<\/p>\n<a href=\"https:\/\/terlizzisa.com\/corseteria\/ballenas-plasticas-y-metalicas\/\" target=\"_self\" class=\"button primary is-underline\"  >\n    <span>M\u00e1s info<\/span>\n  <\/a>\n\n\t\t\t<\/div>\n\t\t<\/div>\n\t<\/div>\n\t\n\t\t<\/div>\n\t\t\t<\/div>\n\n\t\n\n\t<div id=\"col-1420649867\" class=\"col medium-6 small-12 large-6\"  >\n\t\t<div class=\"col-inner\"  >\n\t\t\t\n\t\t\t\n\t<div class=\"box has-hover   has-hover box-push box-text-bottom\" >\n\n\t\t<div class=\"box-image\" >\n\t\t\t<a href=\"https:\/\/terlizzisa.com\/corseteria\/accesorios-en-zamac\/\"  >\t\t\t<div class=\"image-zoom\" >\n\t\t\t\t<img width=\"1200\" height=\"800\" src=\"https:\/\/terlizzisa.com\/corseteria\/wp-content\/uploads\/2021\/06\/04-Accesorios-zamac1.jpg\" class=\"attachment- size-\" alt=\"\" decoding=\"async\" loading=\"lazy\" srcset=\"https:\/\/terlizzisa.com\/corseteria\/wp-content\/uploads\/2021\/06\/04-Accesorios-zamac1.jpg 1200w, https:\/\/terlizzisa.com\/corseteria\/wp-content\/uploads\/2021\/06\/04-Accesorios-zamac1-600x400.jpg 600w, https:\/\/terlizzisa.com\/corseteria\/wp-content\/uploads\/2021\/06\/04-Accesorios-zamac1-768x512.jpg 768w\" sizes=\"(max-width: 1200px) 100vw, 1200px\" \/>\t\t\t\t\t\t\t\t\t\t\t<\/div>\n\t\t\t<\/a>\t\t<\/div>\n\n\t\t<div class=\"box-text text-center\" style=\"background-color:rgb(255, 255, 255);padding:20px 5% 20px 5%;\">\n\t\t\t<div class=\"box-text-inner\">\n\t\t\t\t\n\t<div id=\"text-750666837\" class=\"text\">\n\t\t\n<p class=\"uppercase\"><strong>Accesorios en Zamac<\/strong><\/p>\n\t\t\n<style>\n#text-750666837 {\n  font-size: 1rem;\n  line-height: 1.25;\n}\n<\/style>\n\t<\/div>\n\t\n<div class=\"is-divider divider clearfix\" style=\"margin-top:0.4em;margin-bottom:0.4em;max-width:200px;height:1px;\"><\/div>\n<p>L\u00ednea de accesorios fabricados en zamac.<br \/>\nArgollas, correderas y broches en una amplia variedad de medidas para ajustarse a las necesidades del cliente.<br \/>\nPiezas con ba\u00f1o n\u00edquel de alta calidad y con la posibilidad de dar un acabado diferente por pedido especial.<br \/>\nProductos fabricados con materias primas de primera calidad.<\/p>\n<a href=\"https:\/\/terlizzisa.com\/corseteria\/accesorios-en-zamac\/\" target=\"_self\" class=\"button primary is-underline\"  >\n    <span>M\u00e1s info<\/span>\n  <\/a>\n\n\t\t\t<\/div>\n\t\t<\/div>\n\t<\/div>\n\t\n\t\t<\/div>\n\t\t\t<\/div>\n\n\t\n\n<style>\n#row-1464632965 > .col > .col-inner {\n  background-color: rgb(255,255,255);\n}\n<\/style>\n<\/div>\n\t\t<\/div>\n\n\t\t\n<style>\n#section_1734819755 {\n  padding-top: 50px;\n  padding-bottom: 50px;\n  background-color: rgb(244, 244, 244);\n}\n<\/style>\n\t<\/section>\n\t\n\t<section class=\"section info-card-1\" id=\"section_1551419205\">\n\t\t<div class=\"bg section-bg fill bg-fill  bg-loaded\" >\n\n\t\t\t\n\t\t\t\n\t\t\t\n\n\t\t<\/div>\n\n\t\t<div class=\"section-content relative\">\n\t\t\t\n<div class=\"row row-small align-equal\"  id=\"row-864031244\">\n\n\t<div id=\"col-1829852055\" class=\"col medium-6 small-12 large-6\"  >\n\t\t<div class=\"col-inner\"  >\n\t\t\t\n\t\t\t\n\t<div class=\"box has-hover   has-hover box-push box-text-bottom\" >\n\n\t\t<div class=\"box-image\" >\n\t\t\t<a href=\"https:\/\/terlizzisa.com\/corseteria\/portaligas\/\"  >\t\t\t<div class=\"image-zoom\" >\n\t\t\t\t<img width=\"1200\" height=\"800\" src=\"https:\/\/terlizzisa.com\/corseteria\/wp-content\/uploads\/2021\/06\/05-Portaligas1.jpg\" class=\"attachment- size-\" alt=\"\" decoding=\"async\" loading=\"lazy\" srcset=\"https:\/\/terlizzisa.com\/corseteria\/wp-content\/uploads\/2021\/06\/05-Portaligas1.jpg 1200w, https:\/\/terlizzisa.com\/corseteria\/wp-content\/uploads\/2021\/06\/05-Portaligas1-600x400.jpg 600w, https:\/\/terlizzisa.com\/corseteria\/wp-content\/uploads\/2021\/06\/05-Portaligas1-768x512.jpg 768w\" sizes=\"(max-width: 1200px) 100vw, 1200px\" \/>\t\t\t\t\t\t\t\t\t\t\t<\/div>\n\t\t\t<\/a>\t\t<\/div>\n\n\t\t<div class=\"box-text text-center\" style=\"background-color:rgb(255, 255, 255);padding:20px 5% 20px 5%;\">\n\t\t\t<div class=\"box-text-inner\">\n\t\t\t\t\n\t<div id=\"text-1941270205\" class=\"text\">\n\t\t\n<p class=\"uppercase\"><strong> Portaligas <\/strong><\/p>\n\t\t\n<style>\n#text-1941270205 {\n  font-size: 1rem;\n  line-height: 1;\n}\n<\/style>\n\t<\/div>\n\t\n<div class=\"is-divider divider clearfix\" style=\"margin-top:0.4em;margin-bottom:0.4em;max-width:200px;height:1px;\"><\/div>\n<p>Contamos con tres modelos de portaligas, uno pl\u00e1stico fijo y dos de zamac, uno fijo y otro desmontable.<br \/>\nOfrecidos en cinco colores: blanco, rojo, hueso, negro y transparente en todos los modelos. Colores especiales bajo pedido.<br \/>\nProductos fabricados con materias primas de primera calidad.<\/p>\n<a href=\"https:\/\/terlizzisa.com\/corseteria\/portaligas\/\" target=\"_self\" class=\"button primary is-underline\"  >\n    <span>M\u00e1s info<\/span>\n  <\/a>\n\n\t\t\t<\/div>\n\t\t<\/div>\n\t<\/div>\n\t\n\t\t<\/div>\n\t\t\t<\/div>\n\n\t\n\n<style>\n#row-864031244 > .col > .col-inner {\n  background-color: rgb(255,255,255);\n}\n<\/style>\n<\/div>\n\t\t<\/div>\n\n\t\t\n<style>\n#section_1551419205 {\n  padding-top: 50px;\n  padding-bottom: 50px;\n  background-color: rgb(244, 244, 244);\n}\n<\/style>\n\t<\/section>\n\t\n","protected":false},"excerpt":{"rendered":"","protected":false},"author":1,"featured_media":0,"parent":0,"menu_order":0,"comment_status":"closed","ping_status":"closed","template":"page-blank.php","meta":[],"_links":{"self":[{"href":"https:\/\/terlizzisa.com\/corseteria\/wp-json\/wp\/v2\/pages\/18"}],"collection":[{"href":"https:\/\/terlizzisa.com\/corseteria\/wp-json\/wp\/v2\/pages"}],"about":[{"href":"https:\/\/terlizzisa.com\/corseteria\/wp-json\/wp\/v2\/types\/page"}],"author":[{"embeddable":true,"href":"https:\/\/terlizzisa.com\/corseteria\/wp-json\/wp\/v2\/users\/1"}],"replies":[{"embeddable":true,"href":"https:\/\/terlizzisa.com\/corseteria\/wp-json\/wp\/v2\/comments?post=18"}],"version-history":[{"count":18,"href":"https:\/\/terlizzisa.com\/corseteria\/wp-json\/wp\/v2\/pages\/18\/revisions"}],"predecessor-version":[{"id":177,"href":"https:\/\/terlizzisa.com\/corseteria\/wp-json\/wp\/v2\/pages\/18\/revisions\/177"}],"wp:attachment":[{"href":"https:\/\/terlizzisa.com\/corseteria\/wp-json\/wp\/v2\/media?parent=18"}],"curies":[{"name":"wp","href":"https:\/\/api.w.org\/{rel}","templated":true}]}}